{"id":14612,"date":"2025-01-22T15:15:24","date_gmt":"2025-01-22T14:15:24","guid":{"rendered":"https:\/\/dhosting.pl\/pomoc\/?page_id=14612"},"modified":"2025-01-28T08:58:21","modified_gmt":"2025-01-28T07:58:21","slug":"dokumentacja-dla-testerow-funkcji-cleanmailbox-ai","status":"publish","type":"page","link":"https:\/\/dhosting.pl\/pomoc\/dokumentacja-dla-testerow-funkcji-cleanmailbox-ai\/","title":{"rendered":"Dokumentacja dla tester\u00f3w funkcji CleanMailbox AI"},"content":{"rendered":"\n<div style=\"height:43px\" aria-hidden=\"true\" class=\"wp-block-spacer\"><\/div>\n\n\n\n<h2 class=\"wp-block-heading\"><span class=\"ez-toc-section\" id=\"Jak_do_tej_pory_dzialal_system_antyspamowy\"><\/span>Jak do tej pory dzia\u0142a\u0142 system antyspamowy&nbsp;<span class=\"ez-toc-section-end\"><\/span><\/h2>\n\n\n\n<p>Obecnie klient zar\u00f3wno z poziomu dPanel jak i webmail ma mo\u017cliwo\u015b\u0107 zdefiniowania prog\u00f3w punktowych od 1 &#8211; 10.\u00a0 Im wy\u017cszy pr\u00f3g punktowy tym wi\u0119ksza podatno\u015b\u0107 na otrzymywanie SPAM. Skutkuje to \u017ce wiadomo\u015b\u0107, kt\u00f3ra uznana jest przez system antyspamowy za niezam\u00f3wion\u0105 korespondencj\u0119 mailow\u0105 jest przenoszona do\u00a0specjalnego katalogu SPAM.\u00a0<\/p>\n\n\n\n<div id=\"dhost-95022316\" class=\"dhost-inpost dhost-entity-placement\"><a href=\"https:\/\/dhosting.pl\/opieka-stron.html?utm_source=pomoc&utm_medium=artykul&utm_campaign=pomoc\" target=\"_blank\">\r\n\t<img decoding=\"async\" src=\"https:\/\/dhosting.pl\/pomoc\/wp-content\/uploads\/2025\/01\/baner-opieka.png\" alt=\"opieka stron www\">\r\n<\/a>\r\n<br \/>\r\n<br \/><\/div><h2 class=\"wp-block-heading\"><span class=\"ez-toc-section\" id=\"Jak_bedzie_po_wlaczeniu_funkcji_CleanMailbox_AI\"><\/span>Jak b\u0119dzie po w\u0142\u0105czeniu funkcji<br>CleanMailbox AI&nbsp;<span class=\"ez-toc-section-end\"><\/span><\/h2>\n\n\n\n<p>Mo\u017cna zauwa\u017cy\u0107, \u017ce w miejsce SpamAssasina pojawi\u0142a si\u0119 pozycja\u00a0<strong>CleanMailbox AI<\/strong>, wyszarzona i bez mo\u017cliwo\u015bci jego wy\u0142\u0105czenia &#8211; obligatoryjnie wiadomo\u015bci e-mail dla tester\u00f3w b\u0119d\u0105 przechodzi\u0142y tylko przez nowy system antyspamowy.<\/p>\n\n\n\n<p>Ponadto w&nbsp;<strong>CleanMailbox AI<\/strong>, zmieni\u0142y si\u0119 ustawienia prog\u00f3w punktowych. W SpamAssasin mo\u017cna by\u0142o ustawi\u0107 Cyfr\u0119 od 1 do 10, gdzie im wy\u017csza warto\u015b\u0107 progu punktowego tym wi\u0119ksza podatno\u015b\u0107 na otrzymywania SPAM. Wiemy \u017ce klienci mieli problem ze zrozumieniem jak to dzia\u0142a gdy by\u0142y to warto\u015bci liczbowe i ustawiali 10 my\u015bl\u0105c \u017ce w ten spos\u00f3b b\u0119dzie przychodzi\u0142o im mniej spamu.&nbsp;<\/p>\n\n\n\n<p>W dpanelu&nbsp; ustawili\u015bmy testerom na razie 3 poziomy restrykcji filtr\u00f3w bez dodawania warto\u015bci liczbowych:<\/p>\n\n\n\n<ul class=\"wp-block-list\">\n<li>Wysoki (5 &#8211; taka warto\u015b\u0107 zaznaczon\u0105 w dpanelu jako ustawion\u0105 b\u0119d\u0105 widzieli klienci, kt\u00f3rzy w SpamAssasin maj\u0105 ustawion\u0105 warto\u015b\u0107 od 1-5)<\/li>\n\n\n\n<li>\u015aredni (6 &#8211; tak\u0105 warto\u015b\u0107 zaznaczon\u0105 w dpanelu b\u0119d\u0105 widzieli klienci, kt\u00f3rzy w SpamAssasin maj\u0105 ustawione warto\u015bci od 6 i 7)<\/li>\n\n\n\n<li>Niski (8 &#8211; tak\u0105 warto\u015b\u0107 zaznaczon\u0105\u00a0 w dpanelu b\u0119d\u0105 widzieli klienci, kt\u00f3rzy w SpamAssasin maj\u0105 ustawione warto\u015bci od 8-10 )<\/li>\n<\/ul>\n\n\n\n<p>Wysoki poziom restrykcji oznacza \u017ce wi\u0119cej wiadomo\u015bci b\u0119dzie uznawanych przez system jako SPAM, czyli dla klient\u00f3w potencjalnie oznacza to mniej spamu w skrzynce odbiorczej. <strong>Jest wi\u0119ksza szansa, \u017ce jako Spam zostanie oznaczona tak\u017ce normalna wiadomo\u015b\u0107.\u00a0<\/strong><\/p>\n\n\n\n<p>Liczby w nawiasach odpowiadaj\u0105 warto\u015bciom prog\u00f3w punktowych, dla kt\u00f3rych zostanie ustawiona opcja dodawania do nag\u0142\u00f3wka (add_header) dla oznaczania spamu, oraz wiadomo\u015bci te b\u0119d\u0105 wpada\u0107 do folderu Spam jak to jest obecnie. Fizycznie jednak zar\u00f3wno w CleanMailbox AI\u00a0 jak i spamassasin przypisana zostanie odpowiednia warto\u015b\u0107 cyfrowa. Dla klient\u00f3w posiadaj\u0105cych customowe progi punktowe nie zostanie zmienione nic &#8211; poza przypisaniem zakresu progu do warto\u015bci opisowej. <\/p>\n\n\n\n<p>Warto\u015bci liczbowe prog\u00f3w oraz liczba prog\u00f3w mog\u0105 ulec zmianie w trakcie lub po testach.\u00a0\u00a0<\/p>\n\n\n\n<h2 class=\"wp-block-heading\"><span class=\"ez-toc-section\" id=\"Jak_zauwaze_ze_dodano_na_moim_koncie_funkcje_CleanMailbox_AI\"><\/span>Jak zauwa\u017c\u0119, \u017ce dodano na moim koncie funkcj\u0119 CleanMailbox AI?&nbsp;<span class=\"ez-toc-section-end\"><\/span><\/h2>\n\n\n\n<p>W dPanelu w module poczty e-mail b\u0119dzie widoczna czerwon\u0105 ikona. Po najechaniu na ni\u0105 wy\u015bwietli si\u0119 komunikat o udziale w testach. Ponadto w module pulpit oraz poczta e-mail widoczna b\u0119dzie dodatkowa&nbsp;belka informacyjna z potwierdzeniem udzia\u0142u w testach:&nbsp;<\/p>\n\n\n\n<figure class=\"wp-block-image size-large\"><img loading=\"lazy\" decoding=\"async\" width=\"1024\" height=\"220\" src=\"https:\/\/dhosting.pl\/pomoc\/wp-content\/uploads\/2025\/01\/image-2-1024x220.png\" alt=\"\" class=\"wp-image-14607\" title=\"\" srcset=\"https:\/\/dhosting.pl\/pomoc\/wp-content\/uploads\/2025\/01\/image-2-1024x220.png 1024w, https:\/\/dhosting.pl\/pomoc\/wp-content\/uploads\/2025\/01\/image-2-300x64.png 300w, https:\/\/dhosting.pl\/pomoc\/wp-content\/uploads\/2025\/01\/image-2-768x165.png 768w, https:\/\/dhosting.pl\/pomoc\/wp-content\/uploads\/2025\/01\/image-2-1536x330.png 1536w, https:\/\/dhosting.pl\/pomoc\/wp-content\/uploads\/2025\/01\/image-2-2048x440.png 2048w\" sizes=\"auto, (max-width: 1024px) 100vw, 1024px\" \/><\/figure>\n\n\n\n<p>Je\u017celi klient do\u0142\u0105czy do test\u00f3w to dodane do CleanMailbox AI zostan\u0105 wszystkie skrzynki e-mail na tym koncie. Z przyczyn technicznych nie dajemy mo\u017cliwo\u015bci wybrania pojedynczych skrzynek e-mail, na danym koncie do test\u00f3w. Oczywi\u015bcie klient mo\u017ce w ka\u017cdej chwili zrezygnowa\u0107 z udzia\u0142u w testach i w\u00f3wczas jego konto i wszystkie skrzynki b\u0119d\u0105 prze\u0142\u0105czone ponownie na stary system SpamAssasin.&nbsp;<\/p>\n\n\n\n<h2 class=\"wp-block-heading\"><span class=\"ez-toc-section\" id=\"Zmiany_w_dzialaniu_Black_White_list_w_CleanMailbox_AI\"><\/span><strong>Zmiany w dzia\u0142aniu Black White list w CleanMailbox AI<\/strong>&nbsp;<span class=\"ez-toc-section-end\"><\/span><\/h2>\n\n\n\n<p>W SpamAssasin wszystkie regu\u0142y &#8220;Czarnej Listy&#8221; sprawia\u0142y, \u017ce wiadomo\u015bci trafia\u0142y do katalogu SPAM. Natomiast w CleanMailbox AI wiadomo\u015bci b\u0119d\u0105 na poziomie serwera odrzucane (rejectowane) czyli nigdy nie trafi\u0105 do skrzynki odbiorcy!&nbsp;<\/p>\n\n\n\n<p><strong>Priorytet regu\u0142y nie ulega zmianie. &nbsp;<\/strong><\/p>\n\n\n\n<p>Je\u015bli na skrzynce b\u0119dzie skonfigurowana &#8220;czarna lista&#8221; np. w postaci <a href=\"mailto:*@onet.pl\" target=\"_blank\" rel=\"noreferrer noopener\">*@mojadomena.pl<\/a> &#8211; kt\u00f3ra b\u0119dzie blokowa\u0142a wszystkie wiadomo\u015bci z domeny onet.pl, za\u015b na &#8220;bia\u0142ej li\u015bcie&#8221; b\u0119dzie wyodr\u0119bniony adres &#8220;<a href=\"mailto:jan.kowalski@mojadomena.pl\" target=\"_blank\" rel=\"noreferrer noopener\">jan.kowalski@mojadomena.pl<\/a>&#8221; to wiadomo\u015b\u0107 z tego adresu zostanie dostarczona w spos\u00f3b poprawny!&nbsp;<\/p>\n\n\n\n<p>Przyk\u0142ady mo\u017cliwych regu\u0142 w &nbsp;dPanelu &#8211; Globalne black white listy:<\/p>\n\n\n\n<table id=\"tablepress-11\" class=\"tablepress tablepress-id-11\">\n<thead>\n<tr class=\"row-1\">\n\t<td class=\"column-1\"><\/td><td class=\"column-2\"><\/td>\n<\/tr>\n<\/thead>\n<tbody class=\"row-striping row-hover\">\n<tr class=\"row-2\">\n\t<td class=\"column-1\">*@*.best<\/td><td class=\"column-2\">Dowolny email z domeny .best<\/td>\n<\/tr>\n<tr class=\"row-3\">\n\t<td class=\"column-1\">*@*.fun<\/td><td class=\"column-2\">Dowolny email z domeny .fun<\/td>\n<\/tr>\n<tr class=\"row-4\">\n\t<td class=\"column-1\">*@*.infoofsavings.pro<\/td><td class=\"column-2\">Dowolny email z domeny .infoofsavings.pro.<\/td>\n<\/tr>\n<tr class=\"row-5\">\n\t<td class=\"column-1\">**@przykladowadomena.pl<\/td><td class=\"column-2\">Dowolny email w domenie przykladowadomena.pl. Dwie gwiazdki nie zmieniaj\u0105 de facto stanu rzeczy<\/td>\n<\/tr>\n<tr class=\"row-6\">\n\t<td class=\"column-1\">*.*.*@*<\/td><td class=\"column-2\">Email zawieraj\u0105cy co najmniej dwa kropki w nazwie przed @. Np jan.tomasz.kowalski@ - dowolna domena<\/td>\n<\/tr>\n<tr class=\"row-7\">\n\t<td class=\"column-1\">*.*.*@*.*.*<\/td><td class=\"column-2\">Email z co najmniej dwoma kropkami przed i po @. Zablokuje wszystkie wiadomo\u015bci z maili np jan.tomasz.kowalski@moja.domena.pl<\/td>\n<\/tr>\n<tr class=\"row-8\">\n\t<td class=\"column-1\">_wozniak@*<\/td><td class=\"column-2\">Dowolny email zaczynaj\u0105cy si\u0119 od _wozniak@ dla dowolnej domeny. _ - nie jest znakiem specjalnym<\/td>\n<\/tr>\n<tr class=\"row-9\">\n\t<td class=\"column-1\">*.123@gmail.com<\/td><td class=\"column-2\">Email w Gmail, z *.123 przed ma\u0142p\u0105 w domenie np gmail.com<\/td>\n<\/tr>\n<tr class=\"row-10\">\n\t<td class=\"column-1\">*@*.gocloud.*<\/td><td class=\"column-2\">Email z *.@*.gocloud.*. np jan.kowalski@sub.gcloud.com lub  jankowalski@sub.gcloud.com etc<\/td>\n<\/tr>\n<tr class=\"row-11\">\n\t<td class=\"column-1\">*@.pl<\/td><td class=\"column-2\">Email dok\u0142adnie ko\u0144cz\u0105cy si\u0119 @.pl.<\/td>\n<\/tr>\n<tr class=\"row-12\">\n\t<td class=\"column-1\">*@*.pl<\/td><td class=\"column-2\">Email w dowolnej domenie .pl. poprzedzonej kropk\u0105 np com.pl, nysa.pl, waw.pl, gov.pl edu.pl etc<\/td>\n<\/tr>\n<tr class=\"row-13\">\n\t<td class=\"column-1\">*@*.*.*.*.pl<\/td><td class=\"column-2\">Email w domenie z co najmniej czterema kropkami .pl.<\/td>\n<\/tr>\n<tr class=\"row-14\">\n\t<td class=\"column-1\">domena@przykladowadomena.pl<\/td><td class=\"column-2\">Dok\u0142adny email domena@przykladowadomena.pl.<\/td>\n<\/tr>\n<\/tbody>\n<\/table>\n<!-- #tablepress-11 from cache -->\n\n\n\n<p><\/p>\n","protected":false},"excerpt":{"rendered":"<p>Jak do tej pory dzia\u0142a\u0142 system antyspamowy&nbsp; Obecnie klient zar\u00f3wno z poziomu dPanel jak i webmail ma mo\u017cliwo\u015b\u0107 zdefiniowania prog\u00f3w punktowych od 1 &#8211; 10.\u00a0 Im wy\u017cszy pr\u00f3g punktowy tym wi\u0119ksza podatno\u015b\u0107 na otrzymywanie SPAM. Skutkuje to \u017ce wiadomo\u015b\u0107, kt\u00f3ra uznana jest przez system antyspamowy za niezam\u00f3wion\u0105 korespondencj\u0119 mailow\u0105 jest przenoszona do\u00a0specjalnego katalogu SPAM.\u00a0 Jak [&hellip;]<\/p>\n","protected":false},"author":6,"featured_media":10957,"parent":0,"menu_order":0,"comment_status":"closed","ping_status":"closed","template":"","meta":{"inline_featured_image":false,"footnotes":""},"class_list":["post-14612","page","type-page","status-publish","has-post-thumbnail","hentry"],"_links":{"self":[{"href":"https:\/\/dhosting.pl\/pomoc\/wp-json\/wp\/v2\/pages\/14612","targetHints":{"allow":["GET"]}}],"collection":[{"href":"https:\/\/dhosting.pl\/pomoc\/wp-json\/wp\/v2\/pages"}],"about":[{"href":"https:\/\/dhosting.pl\/pomoc\/wp-json\/wp\/v2\/types\/page"}],"author":[{"embeddable":true,"href":"https:\/\/dhosting.pl\/pomoc\/wp-json\/wp\/v2\/users\/6"}],"replies":[{"embeddable":true,"href":"https:\/\/dhosting.pl\/pomoc\/wp-json\/wp\/v2\/comments?post=14612"}],"version-history":[{"count":3,"href":"https:\/\/dhosting.pl\/pomoc\/wp-json\/wp\/v2\/pages\/14612\/revisions"}],"predecessor-version":[{"id":14640,"href":"https:\/\/dhosting.pl\/pomoc\/wp-json\/wp\/v2\/pages\/14612\/revisions\/14640"}],"wp:featuredmedia":[{"embeddable":true,"href":"https:\/\/dhosting.pl\/pomoc\/wp-json\/wp\/v2\/media\/10957"}],"wp:attachment":[{"href":"https:\/\/dhosting.pl\/pomoc\/wp-json\/wp\/v2\/media?parent=14612"}],"curies":[{"name":"wp","href":"https:\/\/api.w.org\/{rel}","templated":true}]}}